dreds digit of o?
1
Let l(a) = 11*a + 22. What is the tens digit of l(4)?
6
Let a(k) = k**3 - 4*k**2 + k - 1. Let f be (-216)/(-52) - (-2)/(-13). What is the units digit of a(f)?
3
What is the tens digit of (4 - 2 - 1) + 36?
3
Let d(r) = -7*r - 5. Let n be d(-5). Let z = 15 - n. What is the units digit of (-99)/z - (-6)/(-10)?
6
Suppose -3*o + 13 = 2*u - 0*o, -1 = o. Let w(p) = -p**2 + 3*p + 9. Let q be w(u). Let f = q - -45. What is the units digit of f?
4
Let q(a) be the third derivative of a**5/30 + a**4/8 - a**3/2 + 3*a**2. What is the tens digit of q(2)?
1
What is the units digit of -2*(3 + 428/(-8))?
1
What is the tens digit of (-2)/3 + 505/15?
3
What is the tens digit of ((-22)/6)/(7/(-21))?
1
Let j = 2 - -1. What is the units digit of 350/15 + (-1)/j?
3
Suppose v - 9 = 2*v + 2*a, -15 = -5*v + 2*a. What is the tens digit of v/(44/(-15) + 3)?
1
Let k be 1/(-3 - 14/(-4)). Suppose k*r - 28 = -3*j, 60 = r + 4*r + 5*j. What is the units digit of r?
8
Suppose 1 = 3*b - 5. Suppose 2 - 10 = -b*v. Suppose -4*s + 0 - 5 = -3*x, 5*s - 3*x = -v. What is the units digit of s?
1
Suppose w + 117 = 2*w. What is the hundreds digit of w?
1
Let u(l) = 6*l**2 - 40*l + 14. What is the units digit of u(7)?
8
Let r(f) = 22*f**2 + 6*f + 1. What is the units digit of r(-2)?
7
Suppose -219 = -6*q + 3*q. What is the tens digit of q?
7
What is the tens digit of (-3)/(-1) + 136/2?
7
Let g = 215 + -5. What is the units digit of g?
0
Suppose -9*c - 451 = -2107. What is the hundreds digit of c?
1
Let d(c) = c**2 - 6*c + 1. Let y be d(5). Suppose 0*r = 4*r + 12. What is the units digit of r + 9 + y/2?
4
What is the units digit of (-2)/(-8) + (-3492)/(-48)?
3
What is the tens digit of 7/21 + (-56)/(-3)?
1
What is the units digit of 3/(-2)*-1*(25 - -5)?
5
Suppose -36*i + 560 = -32*i. What is the units digit of i?
0
Suppose -2*f - 5 = -5*z + 3*f, 3*z - 2*f + 2 = 0. What is the units digit of z/24 - 55/(-6)?
9
Let r(g) = -g - 1. Let q(t) = 2*t + 2. Let l(u) = 3*q(u) + 7*r(u). What is the units digit of l(-6)?
5
Suppose -13 + 53 = 4*x. Let c(o) = o**3 - o**2 - 3*o + 2. Let d be c(2). Suppose -g - g + x = d. What is the units digit of g?
5
Let v(y) = y - 3. What is the tens digit of v(13)?
1
Let z(r) = -r**3. Let k be z(0). Suppose -64 = -2*m - k*m. What is the units digit of m?
2
Suppose 4*m = -4*l, -m - 9 = 2*m. Suppose -3*p + 6*p = -3*z + 24, -5*p - l*z + 48 = 0. What is the tens digit of p?
1
Let a(t) = t**3 + 6*t**2 + t + 5. Let b be a(-6). Let l be (0/b)/(-2) + 10. Let h = l + -2. What is the units digit of h?
8
Suppose 3*i - 2*i = 13. What is the tens digit of i?
1
Let g = 46 - 45. What is the units digit of g?
1
Let t(p) = 5*p - 2 + p**2 - 8 + 1. What is the units digit of t(-7)?
5
Let n(f) = f**3 - 8*f**2 + 7*f + 9. Suppose -4*d - 16 = 48. Let z = d - -23. What is the units digit of n(z)?
9
Let p = 0 - 10. Let r = 1 - p. What is the units digit of r?
1
Let z = 79 - 70. What is the units digit of z?
9
Suppose 3*s + s = -l + 62, -l = -s - 47. What is the tens digit of l/(-15)*18/(-5)?
1
Let j be 2/3*3 - 2. Suppose j = -4*a, a = 2*q + 2 - 4. What is the units digit of q?
1
Let o be (0 - -2)/(2/3). Let v be 3/(-3)*o - -8. Suppose -w + 2*i + 25 = 0, w - 3*w + 54 = -v*i. What is the units digit of w?
7
Let w(x) = x - 3. Let i be w(7). Suppose -4*q = -5*q + i. Suppose 20 = q*n - 24. What is the tens digit of n?
1
Suppose 2*x - 2*w + 0 + 2 = 0, 5*x - 7 = -w. Suppose -x = 2*o - 7. Suppose 0*d + 63 = o*d. What is the tens digit of d?
2
Let y = 12 + -9. Let s = 0 + y. What is the units digit of s?
3
Let n(h) = -h**2 - 9*h - 9. Let j be n(-6). Let f = -6 + j. Suppose f*p - 47 = -5*d, 2*d - 3 = 5. What is the units digit of p?
9
Let z be 0/(2 + (-4 - -3)). Suppose z = -b - 2*b. Suppose 3*h - 18 = -3*o, b = 2*o - 4*h - 12. What is the units digit of o?
6
Let h be ((-103)/4)/(18/72). Let z = -61 - h. What is the tens digit of z?
4
Suppose 4*r - 5 = -21. Suppose 4*u - 28 = 84. What is the units digit of 244/u - r/14?
9
Suppose 4*j + 3*t - 4 = 21, -5*t - 1 = -4*j. Suppose 253 = j*a + 105. What is the tens digit of a?
3
Suppose 4*m + 2*a = -0*a - 26, -m - 2 = 2*a. What is the tens digit of (m/6)/((-2)/18)?
1
Let s(v) = -v**2 - 7*v - 3. Suppose 3*b = -0*b + 15. Suppose -z + b*h = -2*z - 11, 4*z = -4*h - 28. What is the units digit of s(z)?
3
Let r = 50 + 4. What is the tens digit of r?
5
Let m(y) = -2*y - 10. Let a be m(7). Let i = a - -41. What is the units digit of i?
7
Let s = -128 - -270. What is the tens digit of s?
4
Suppose 5*s = 5*z - 5, 6*z - 5*s = 2*z + 5. Let t = 35 + -25. Suppose z = m - 0*m - t. What is the units digit of m?
0
Suppose -3*g = 2*n - 2, -2 = 3*n - n + 5*g. Let w = -6 + n. What is the units digit of 2*(w - 0)*-1?
4
Suppose 0 = -5*u + 48 + 417. What is the tens digit of u?
9
Suppose -6 = -3*w, -2*w + 8 = o + 1. What is the units digit of (1 - 0)/(o/57)?
9
Suppose c = 6*m - m - 311, -c = 4*m - 247. What is the tens digit of m?
6
Let b = 7 + -10. Let a(u) = u**3 - 5*u**2 - 6*u + 2. Let r be a(6). Let d = r - b. What is the units digit of d?
5
Let l = -39 + 68. What is the units digit of l?
9
Let h be (-3 + 10)*(-4)/(-4). Suppose 0 = 2*s - h*s + 210. What is the units digit of s?
2
Let m(k) = 4*k - 3. Let c(f) = 8*f - 6. Let y(p) = 2*c(p) - 5*m(p). What is the units digit of y(-3)?
5
Let x = 39 + -19. Let b be (-2)/(-7) + (-57)/(-21). Suppose -3*d = -5*f + 10, d = b*f + 2*f - x. What is the units digit of f?
5
Suppose 6*j = 2*j + 12, -3*k = 2*j + 66. Let a = k + 51. What is the tens digit of a?
2
Let f = 130 - 22. What is the tens digit of f?
0
Suppose -5*g - 47 - 143 = 0. Let n = -18 - g. What is the tens digit of n?
2
Suppose -2*m + w + 0 + 4 = 0, m + 3*w - 16 = 0. Suppose -i - m = -8. Suppose s = i*f - 20, s + 0*s = -4. What is the units digit of f?
4
Let a(u) = u + 8. Let j be a(-8). Let y = 8 - j. What is the units digit of y?
8
Suppose 4*y = 3*s - 56, -s + 57 = 2*s - 3*y. Let t = s + -4. What is the tens digit of t?
1
Suppose -2*j = j. Let v(s) = s - 4. Let c be v(j). Let m(x) = x**2 + 4*x + 5. What is the units digit of m(c)?
5
Let g be (-4)/12 - 14/(-6). Let i = g - -10. What is the units digit of i?
2
Suppose 24 = 4*u - 0. What is the units digit of u?
6
Let o be 7 + 27 - 3/(-1). Let p = o - 26. What is the tens digit of p?
1
Suppose -403 = -3*z + 65. Suppose 0*q - 4*q = -z. What is the units digit of q?
9
Let t = 57 + -46. What is the units digit of t?
1
Suppose -3*f = f - 3072. What is the tens digit of 9/21 - f/(-21)?
3
Let s(v) = -3*v - 6. Let p = -11 + 2. What is the units digit of s(p)?
1
Suppose 5*s + 2 - 7 = 0. Let m be 0 + 1*(3 - s). Suppose 0*p + 4 = m*p. What is the units digit of p?
2
Suppose -a - 3*u = -71, -4*a - 56 = 4*u - 364. What is the units digit of a?
0
Suppose 4*h = 3*x + 375, -3*h + 4*x + 190 = -h. What is the tens digit of h?
9
Suppose 0 + 3 = -3*z. What is the units digit of -5 + 7 - z*4?
6
Let t(y) = -5*y**3 - y**2 + y - 1. Let v(a) = a**3. Let l(z) = -t(z) + 6*v(z). Suppose -2*k + 2*x = -12, -3 = 6*k - 4*k + x. What is the units digit of l(k)?
2
What is the hundreds digit of -13*-1*(-3 + 13)?
1
Let a(j) be the second derivative of -3*j**5/5 + j**2/2 - 2*j. Let p(h) = -h**3 - h**2 + h. Let g be p(1). What is the units digit of a(g)?
3
Suppose 0 = -4*i + 4 + 12. Let u = -9 + 14. Suppose -4*x + 5*a + 31 = -u, x = -2*a - i. What is the units digit of x?
4
What is the units digit of (-2250)/(-72) - (-2)/(-8)?
1
Suppose 7*i - 2*i = 0. Suppose 4*f + f - 80 = i. What is the units digit of f?
6
Suppose 6*f - 2*f - 252 = -n, -4*f = -4*n + 928. What is the units digit of n?
6
What is the units digit of (340/(-15))/(4/(-6))?
4
Suppose m + 2*m + 21 = 0. Let h be ((-6)/m)/((-2)/(-14)). Suppose 0 = c - h. What is the units digit of c?
6
Suppose -3*y - 3*x + 14 = -x, -x - 15 = -4*y. Let a = 3 + -1. Suppose q - y = a. What is the units digit of q?
6
Let x be (-24)/(-9)*12/8. Suppose 127 = 4*v + p, -x*v + 249 = -4*p + 97. What is the units digit of v?
3
Let p = 4 + -3. Suppose -2*a - p = -5. What is the units digit of a?
2
Suppose 139 + 106 = 5*w. What is the tens digit of w?
4
What is the tens digit of 21 + -6 + 4 + 0?
1
Let d be 3 - (-1)/((-3)/3). Let a(j) = -3*j**2 + 2*j**3 + 4 - 3 - 3*j**3 - d*j**2. What is the units digit of a(-5)?
1
Le